{"id":260,"date":"2023-12-03T11:19:22","date_gmt":"2023-12-03T11:19:22","guid":{"rendered":"https:\/\/nervenfacharzt.com\/?page_id=260"},"modified":"2025-01-08T09:30:09","modified_gmt":"2025-01-08T09:30:09","slug":"impressum","status":"publish","type":"page","link":"https:\/\/nervenfacharzt.com\/index.php\/impressum\/","title":{"rendered":"Impressum"},"content":{"rendered":"\n<p><\/p>\n\n\n\n<h3 class=\"wp-block-heading\">Verantwortlicher<\/h3>\n\n\n\n<p><strong>Ordination Dr. med. univ. Albert Weinrauch<\/strong><br>Torplatz 1\/6, 8330 Feldbach<br>Tel: 03152 \/ 38501<br>E-Mail: ordination@nervenfacharzt.com<br><br>Im Rahmen des mit Ihnen bestehenden (vor-) vertraglichen Verh\u00e4ltnisses, verarbeiten wir Ihre personenbezogenen Daten bei der Nutzung unserer Webseite, weshalb wir \u201cVerantwortlicher\u201c im Sinne von Art. 4 Abs. 7 DSGVO sind.<\/p>\n\n\n\n<p><\/p>\n\n\n\n<h3 class=\"wp-block-heading\">Nutzung unserer Website<\/h3>\n\n\n\n<p>Im Rahmen Ihres Besuchs auf unserer Website www.nervenfacharzt.com findet eine Verarbeitung Ihrer personenbezogenen Daten statt. Dieser Abschnitt gilt, soweit Sie die von uns betriebene Website besuchen.<br><br><strong>Wenn Sie unsere Website besuchen, werden folgende Daten automatisch erhoben:<br><\/strong>&#8211; Das Datum und die Uhrzeit des Aufrufs einer Seite auf unserer Website;<br>&#8211; Ihre IP-Adresse (in gek\u00fcrzter Form, sodass keine eindeutige Zuordnung m\u00f6glich ist);<br>&#8211; Technische Informationen wie Name und Version Ihres Web-Browsers, Internetanbieter, Endger\u00e4t und Bildschirmaufl\u00f6sung<br>&#8211; Herkunftsquelle (URL) Ihres Besuchs (d.h. \u00fcber welche Website bzw. \u00fcber welches Werbemittel Sie zu uns gekommen sind)<br>&#8211; Bestimmte Cookies (siehe unten)<br><br>Die Verarbeitung dieser Daten erfolgt zu nachstehenden Zwecken:<br>&#8211; um Ihnen diese Website zur Verf\u00fcgung zu stellen und um diese Website weiter zu verbessern und zu entwickeln;<br>&#8211; um Nutzungsstatistiken erstellen zu k\u00f6nnen;<br>&#8211; um personalisierte Seitenvorschl\u00e4ge anzuzeigen;<br>&#8211; um Angriffe auf unsere Website erkennen, verhindern und untersuchen zu k\u00f6nnen und<br>&#8211; um gegebenenfalls ein Benutzerkonto auf unserer Website zur Verf\u00fcgung zu stellen.<br><br><strong>Rechtsgrundlage der Verarbeitung:<br><\/strong>Wir verarbeiten Ihre personenbezogenen Daten im Rahmen der Nutzung unserer Website auf Grund unseres \u00fcberwiegenden berechtigten Interesses an der technisch sicheren und nutzerfreundlichen Gestaltung unsere Website sowie dem Schutz vor rechtswidrigen Angriffen (Art 6 Abs 1 lit f DSGVO).<br><br><strong>Weitergabe Ihrer personenbezogenen Daten:<br><\/strong>Ihre personenbezogenen Daten werden wir ausschlie\u00dflich und nur sofern die genannten Zwecke dies erfordern an externe IT-Dienstleister \u00fcbermitteln.<br><br><strong>Speicherdauer:<br><\/strong>Wir werden Ihre Daten grunds\u00e4tzlich f\u00fcr eine Dauer von drei Monaten speichern. Eine l\u00e4ngere Speicherung erfolgt nur, soweit dies erforderlich ist, um festgestellte Angriffe auf unsere Website zu untersuchen und dar\u00fcber hinaus nur bis zur Beendigung ma\u00dfgeblicher Verj\u00e4hrungsfristen, gesetzlicher Aufbewahrungsfristen oder allf\u00e4lliger Rechtsstreitigkeiten, bei denen die Daten als Beweis ben\u00f6tigt werden. Dar\u00fcber hinaus speichern wir jene Daten, die wir zur Bereitstellung Ihres App-Benutzerkontos erheben, solange Ihr Konto besteht (siehe unter 5.).<br><br><strong>Cookies:<br><\/strong>Unsere Website verwendet so genannte Cookies. Dabei handelt es sich um kleine Textdateien, die mit Hilfe des Browsers auf Ihrem Endger\u00e4t abgelegt werden. Sie richten keinen Schaden an.<br><br>Wir nutzen Cookies dazu, unser Angebot nutzerfreundlich zu gestalten. Einige Cookies bleiben auf Ihrem Endger\u00e4t gespeichert, bis Sie diese l\u00f6schen. Sie erm\u00f6glichen es uns, Ihren Browser beim n\u00e4chsten Besuch wiederzuerkennen. Wenn Sie dies nicht w\u00fcnschen, so k\u00f6nnen Sie Ihren Browser so einrichten, dass er Sie \u00fcber das Setzen von Cookies informiert und Sie dies nur im Einzelfall erlauben.<br><br>Bei der Deaktivierung von Cookies kann die Funktionalit\u00e4t unserer Website eingeschr\u00e4nkt sein.<\/p>\n\n\n\n<p><\/p>\n\n\n\n<h3 class=\"wp-block-heading\">Rechte als betroffene Person<\/h3>\n\n\n\n<p>Als betroffene Person steht Ihnen grunds\u00e4tzlich das Recht auf Auskunft, Berichtigung, L\u00f6schung und Einschr\u00e4nkung zu.<br><br>Zudem k\u00f6nnen Sie unter bestimmten Voraussetzungen von Ihrem Recht auf Daten\u00fcbertragbarkeit Gebrauch machen. Dieses Recht erm\u00f6glicht Ihnen den Erhalt Ihrer uns bekanntgegebenen personenbezogenen Daten auf einem strukturierten, g\u00e4ngigen und maschinenlesbaren Format.<br><br>Sie k\u00f6nnen der Verarbeitung widersprechen, wenn Ihre personenbezogenen Daten im berechtigten Interesse von Albert Weinrauch oder eines Dritten verarbeitet werden und sich aus Ihrer besonderen Situation Gr\u00fcnde daf\u00fcr ergeben.<br><br>Wenn die Verarbeitung auf Grund Ihrer Einwilligung erfolgt, haben Sie zudem das Recht, die Einwilligung jederzeit zu widerrufen, ohne dass die Rechtm\u00e4\u00dfigkeit der auf Grund der Einwilligung bis zum Widerruf erfolgten Verarbeitung ber\u00fchrt wird.<br><br>Zur Aus\u00fcbung Ihrer Rechte wenden Sie sich bitte an unseren Datenschutzbeauftragten unter ordination@nervenfacharzt.com.<br><br>Wenn Sie glauben, dass die Verarbeitung Ihrer Daten gegen das Datenschutzrecht verst\u00f6\u00dft oder Ihre datenschutzrechtlichen Anspr\u00fcche sonst in irgendeiner Weise verletzt worden sind, steht es Ihnen frei, bei der Datenschutzbeh\u00f6rde Beschwerde zu erheben.<\/p>\n","protected":false},"excerpt":{"rendered":"<p>Verantwortlicher Ordination Dr. med. univ. Albert WeinrauchTorplatz 1\/6, 8330 FeldbachTel: 03152 \/ 38501E-Mail: ordination@nervenfacharzt.com Im Rahmen des mit Ihnen bestehenden (vor-) vertraglichen Verh\u00e4ltnisses, verarbeiten wir Ihre personenbezogenen Daten bei der Nutzung unserer Webseite, weshalb wir \u201cVerantwortlicher\u201c im Sinne von Art. 4 Abs. 7 DSGVO sind. Nutzung unserer Website Im Rahmen Ihres Besuchs auf unserer Website&#8230;<\/p>\n","protected":false},"author":1,"featured_media":0,"parent":0,"menu_order":0,"comment_status":"closed","ping_status":"closed","template":"","meta":{"footnotes":""},"class_list":["post-260","page","type-page","status-publish","hentry"],"acf":[],"_links":{"self":[{"href":"https:\/\/nervenfacharzt.com\/index.php\/wp-json\/wp\/v2\/pages\/260","targetHints":{"allow":["GET"]}}],"collection":[{"href":"https:\/\/nervenfacharzt.com\/index.php\/wp-json\/wp\/v2\/pages"}],"about":[{"href":"https:\/\/nervenfacharzt.com\/index.php\/wp-json\/wp\/v2\/types\/page"}],"author":[{"embeddable":true,"href":"https:\/\/nervenfacharzt.com\/index.php\/wp-json\/wp\/v2\/users\/1"}],"replies":[{"embeddable":true,"href":"https:\/\/nervenfacharzt.com\/index.php\/wp-json\/wp\/v2\/comments?post=260"}],"version-history":[{"count":2,"href":"https:\/\/nervenfacharzt.com\/index.php\/wp-json\/wp\/v2\/pages\/260\/revisions"}],"predecessor-version":[{"id":338,"href":"https:\/\/nervenfacharzt.com\/index.php\/wp-json\/wp\/v2\/pages\/260\/revisions\/338"}],"wp:attachment":[{"href":"https:\/\/nervenfacharzt.com\/index.php\/wp-json\/wp\/v2\/media?parent=260"}],"curies":[{"name":"wp","href":"https:\/\/api.w.org\/{rel}","templated":true}]}}